of w.
3
Suppose d - l = 18, -5 = -3*d - 3*l + 37. What are the prime factors of d?
2
Suppose 3*g + 0*y = 4*y, 0 = g - 5*y + 11. List the prime factors of g.
2
What are the prime factors of 3/(6/106) + 0?
53
Let a = 300 - -9. List the prime factors of a.
3, 103
List the prime factors of 3 + 7 + -3 + 2.
3
Let j(m) = -3*m**2 - 13*m - 9. Let q(y) = y**2 + y + 1. Let i(c) = -j(c) - 2*q(c). What are the prime factors of i(-11)?
7
Let z(d) = d**3 - 6*d**2 + 8*d - 7. Let b be z(5). Let s = 15 - b. What are the prime factors of s?
7
Let o = 37 + -22. What are the prime factors of o?
3, 5
Let o be (-6)/(-3)*(-18)/(-4). Let s = o + -4. What are the prime factors of s?
5
Suppose -2600 = -8*p - 5*p. What are the prime factors of p?
2, 5
Suppose -5*k + 21 = -439. List the prime factors of k.
2, 23
List the prime factors of 1/((-3)/(-45)) - 0/3.
3, 5
Let m(y) = -y - 4. Let r(l) = 4*l + 4. Let n be r(-3). Let s be m(n). Suppose -16 = -s*f - 0*f. What are the prime factors of f?
2
Let g(v) be the first derivative of v**4/4 - 4*v**3/3 - 2*v**2 + 2*v + 1. Let w(x) = 2*x - 1. Let y be w(3). List the prime factors of g(y).
7
Let o = 183 + -102. Suppose -5*m + o + 109 = 0. Suppose -5*x + 17 = -m. What are the prime factors of x?
11
Let t(b) = 10*b - 24. What are the prime factors of t(16)?
2, 17
Let n = 34 + -20. List the prime factors of n.
2, 7
Let m(x) = -x**2 + 7*x - 4. Let d be m(6). Suppose -4*u - d = -5*u. Suppose -u*b + 12 + 8 = 0. What are the prime factors of b?
2, 5
Suppose 0 = -x - 5*t + 2*t - 2, -5*t = -2*x + 18. Suppose 5*h - 164 = -x*a, -5*a + 79 = 3*h - 9. Suppose -5*b + h + 54 = 0. List the prime factors of b.
2, 3
Let a(j) be the second derivative of -5*j**3/3 - 8*j**2 - 9*j. List the prime factors of a(-7).
2, 3
Let r be -3*3/(18/20). Let z be 4*1*r/8. Let g = z - -9. List the prime factors of g.
2
Let u(f) = 22*f**2. List the prime factors of u(1).
2, 11
Let t = 5 - 4. What are the prime factors of (10/4)/(t/6)?
3, 5
List the prime factors of 133 + -1 + (5 - 1).
2, 17
Let a(t) = -t**3 - 8*t**2 - 6*t + 10. Let r be -1 + (0 - (-3 - -9)). Let b be a(r). Suppose 2*k = -4*f + 6, k + b*k - f = 21. List the prime factors of k.
5
Let f = -38 + 36. Let j(g) = 0 - 6*g + 0 - 2. List the prime factors of j(f).
2, 5
Suppose 4 = -5*t + 69. What are the prime factors of t?
13
Suppose -9 = 3*m - 5*m - 3*d, m - 2*d - 1 = 0. What are the prime factors of 399/(-28)*(-8)/m?
2, 19
Let p be -1 - (-1)/(-2)*-22. Suppose -5*u = t - p, -8 = -4*t + 4*u + 8. Suppose 21 = -2*d + t*d. List the prime factors of d.
7
Let c(q) = 5*q**3 + 2*q**2 + 3. Let b(n) = 16*n**3 + 7*n**2 - n + 10. Let y(o) = 2*b(o) - 7*c(o). List the prime factors of y(-1).
2
Let h(o) = 7*o + 2. Let y be h(1). Suppose y - 23 = -i. List the prime factors of i.
2, 7
Suppose 79 + 41 = 5*h. Let p = 8 + h. List the prime factors of p.
2
Suppose 0 = -3*k + 5*y + 62, -2*k = 2*y - 5*y - 41. What are the prime factors of k?
19
Let q(m) = m + 16. Let t be q(11). Suppose -t = 2*p - 5*p. What are the prime factors of p?
3
Suppose -5*c + 5*u + 480 = 0, 4*c = 2*c + 5*u + 207. What are the prime factors of c?
7, 13
Let m(x) = 7*x - 40. What are the prime factors of m(17)?
79
Suppose -37 + 108 = d. List the prime factors of d.
71
Suppose -k = 3*s + k + 4, -2*s + 24 = -4*k. Suppose s*l + 2*l = 0. List the prime factors of -2 - (-3*3 - l).
7
Let m(o) = -o**3 + 5*o**2 + 6*o + 5. Let l be m(6). Let i = l - 2. List the prime factors of i.
3
Suppose 5 = -x + y + 39, 5*x - 158 = -y. Let r = x - 16. List the prime factors of r.
2
Let y be (2 - -1) + -1 + 4. Suppose -2*t + 5*s = 7, t + 23 = y*t + s. Suppose 0 = 5*o + 5, t = 5*x + 3*o - 13. List the prime factors of x.
2
Suppose -81 = -4*g + 5*p, 8*p - 73 = -4*g + 5*p. Suppose 3*i - g = -2*z, 0 + 5 = z. Suppose 2*q + i*q = 65. What are the prime factors of q?
13
Suppose -2*x + 107 = v, 3*x - 137 = x + 5*v. What are the prime factors of x?
2, 7
Let j be (-23)/(-7) + 2/(-7). Let u be j*2/(-3) + 40. Let c = -17 + u. List the prime factors of c.
3, 7
Let r(m) = m**2 - 11*m - 14. What are the prime factors of r(15)?
2, 23
Let g(o) be the second derivative of -o**6/144 + o**5/120 + o**4/12 + o. Let k(h) be the third derivative of g(h). List the prime factors of k(-2).
11
Let n be 2/3 - (-14)/6. Suppose -s - 6*m + n*m + 6 = 0, -5*s - m = -30. What are the prime factors of s?
2, 3
Let d(u) = 2*u - 11. Let y be d(8). Let m(z) = -z - 1. Let r(n) = 4*n + 15. Let a(t) = y*m(t) + r(t). List the prime factors of a(8).
2
Let d be (-33)/(-12) - 1/(-4). Let f(y) = -y + 0*y + d + 1 - 2. What are the prime factors of f(-4)?
2, 3
List the prime factors of 6/(-4) - (-1773)/18.
97
Suppose 0*n = -5*n + 175. Let z(s) = -s**2 - 10*s - 3. Let u be z(-6). Let h = n - u. List the prime factors of h.
2, 7
Let x(k) = -k**2 - 6*k. Suppose 4*q - z + 30 = -0*z, 2*q + 22 = 4*z. Let n(w) = w**2 + 9*w + 9. Let v be n(q). List the prime factors of x(v).
5
Suppose -2*m - 2*r + 160 = 0, 3*m + 2*r = 174 + 65. What are the prime factors of m?
79
Let b(t) = 3*t**2 - 3*t + 10. List the prime factors of b(-8).
2, 113
Let d be (-10)/25 - 17/(-5). Suppose -4*k - d*p + 11 = 0, p + p + 2 = 2*k. List the prime factors of -2 - -1 - (-20)/k.
3
Let u be (7 - 4) + 0/(-1). Let n(f) = -f**u + 2 - 6 - 4 + 4*f - 5*f**2. List the prime factors of n(-6).
2
Suppose 3*c - 93 = -0*c. Let i = c + -15. List the prime factors of i.
2
Let j = 0 - -5. Suppose 24*c - 19*c = 0. Suppose c*f = -2*f + j*m, f = 3*m - 2. List the prime factors of f.
2, 5
Let u(o) = -o - 3. Let b(p) = p**3 - 12*p**2 - 13*p - 3. Let t be b(13). Let j be u(t). Suppose j = 2*r - 9 - 19. List the prime factors of r.
2, 7
Let w be 2 + (-8)/3 + 4/6. Suppose 31 = 5*k - 3*a, 11 = 2*k - 2*a + 1. Suppose 2*y + w = k. What are the prime factors of y?
2
Suppose 40 = 5*p - 0*p. Let o = -16 + 14. Let u = o + p. List the prime factors of u.
2, 3
Let x = 71 + 109. What are the prime factors of x?
2, 3, 5
Let m(q) = -14*q + 4. Let s(u) = 1 - 9*u + 2 - 9*u + 5*u. Let a(t) = 4*m(t) - 5*s(t). List the prime factors of a(1).
2, 5
Let q(a) = -5*a**2 + 7*a - 9*a + 1 + 20*a**2. What are the prime factors of q(1)?
2, 7
Suppose 7*g - y = 3*g + 122, 0 = -4*g + 2*y + 120. What are the prime factors of g?
31
Suppose 0 = -5*o + 12 + 13. Suppose o*x = 2*x + 6. List the prime factors of x.
2
Suppose 68 = 2*z + 2*z. What are the prime factors of z?
17
Suppose 2*k - 55 = -3*k. List the prime factors of 1 + -2 + k + -3.
7
Suppose -5*i + 80 = -3*i. List the prime factors of i.
2, 5
List the prime factors of 1 + 1 + (-187)/2*-2.
3, 7
Let m = -2 + 13. Let u = m + -7. List the prime factors of u.
2
Suppose 3*v = -2*v. Suppose -4*l + 20 = -v*l. What are the prime factors of l?
5
Let s(n) = -2*n - 5. Let y be s(-11). Suppose 2*c = -2*u + 10, 0*c - y = -5*c - u. List the prime factors of c.
3
Let t be 5 + -3*(-6)/9. Let k(h) = h**3 - 6*h**2 - 6*h - 2. Let n be k(t). Suppose -3*l = 2*s - 0*s - 37, 0 = -3*l - n*s + 43. What are the prime factors of l?
11
Suppose 6*d - d = 0. Let v = d - -20. What are the prime factors of v?
2, 5
Let b(h) = h**3 - h**2. Let v be b(3). Suppose -4*l = -3*r + 57, l = 2*r + 5*l - v. What are the prime factors of r?
3, 5
What are the prime factors of (-1881)/(-152) + 3/(-8)?
2, 3
Let g(s) = 20*s - 3. List the prime factors of g(2).
37
Let l = 53 - 22. Suppose 3*p - 7 = -4*g, -11 - 4 = 5*p. Suppose 3*d - 4*t + l = 6*d, -5*t + 41 = g*d. List the prime factors of d.
3
Let v = 128 + 120. What are the prime factors of v?
2, 31
Let m(q) = q**3 + 3*q**2 - 3*q + 3. What are the prime factors of m(-3)?
2, 3
Suppose 7 = 5*n - 3. List the prime factors of -2*n/8*-38.
19
Suppose -2251 = -14*b + 1585. List the prime factors of b.
2, 137
Let o be -2 + (0 - (-3 - -16)). Let p = o - -24. List the prime factors of p.
3
Let p = 2 + 0. Suppose 2*s + p*s = 56. List the prime factors of s.
2, 7
Let i(c) = c**2 + 8*c + 5. Suppose 0 = -3*w - w - 52. Let z = w - -5. List the prime factors of i(z).
5
Suppose 0*d + d - 13 = 0. What are the prime factors of d?
13
Let r = -3 - -6. Suppose -d = r*d - 88. List the prime factors of d.
2, 11
Suppose -22 = -m - 2*w, -2*w + 63 + 15 = 5*m. Let r be 3/6 - m/4. Let i(z) = -4*z - 4. What are the prime factors of i(r)?
2
Let k(g) = -g**2 + 12*g - 6. Let w = 9 + -3. What